isor of 17 and m?
17
Let t be (-1 - 11)/(6/(-4)). Suppose -3 = -o + 1. Calculate the highest common divisor of t and o.
4
Let b(v) = 103*v + 2. Let o be b(1). Let g = -19 - -34. Calculate the greatest common divisor of g and o.
15
Suppose 3*j - 17 = -3*d + 5*d, -3*d - 12 = 0. Let w = j - 0. Suppose 0*a + w*a = 21. What is the greatest common divisor of a and 1?
1
Let g = 46 - 37. Let j(m) = m**3 + 15*m**2 - 19*m - 21. Let x be j(-16). What is the highest common factor of x and g?
9
Let o(k) = -21*k. Let g be o(-4). Let n be 152/6 + (-2)/(-3). Let l = -14 + n. Calculate the highest common factor of l and g.
12
Let f = 116 + -35. What is the greatest common divisor of f and 9?
9
Suppose -823 = -4*y + 2*t - 119, 3*y = 3*t + 531. What is the greatest common factor of 35 and y?
35
Let c(q) = 18*q**2 - 3*q - 3. Let g be c(-3). Let r(b) = 3*b - 15. Let n be r(17). Let t = -15 + n. What is the highest common factor of t and g?
21
Let w = 3 + 3. Calculate the greatest common factor of w and 6.
6
Let h be 27*(4*-1 - -3). Let k = h + 39. Calculate the highest common divisor of 12 and k.
12
Suppose 30 = s + 2*s. Let o = 7 + -5. Let m be (1/o)/((-2)/(-16)). What is the greatest common factor of m and s?
2
Let x = 20 + 8. Suppose -3*q + 33 + 78 = 3*r, 0 = 5*r - q - 215. What is the greatest common factor of r and x?
14
Suppose 6*y - 132 = 2*y. Let l be -1*(-23 + 3) + 2. What is the greatest common factor of l and y?
11
Let z(i) = -i**3 - i**2 - i + 13. Suppose 0 = -4*r + 2*r. Let t be z(r). Calculate the highest common divisor of 13 and t.
13
Let l(u) = u**2 + 3*u - 2. Let n be l(-4). Suppose n*s - 5 = 15. What is the greatest common divisor of s and 110?
10
Let y be 0/(1 + 0/(-1)). Suppose 0 = -y*t - t + 20. What is the greatest common divisor of t and 10?
10
Let p be (0 - (-1)/1)*3. Suppose -20 = -p*m - m. Let n = m + 15. What is the highest common factor of n and 30?
10
Let s(k) = k**3 - 25*k**2 + 28*k - 78. Let a be s(24). Calculate the highest common factor of 9 and a.
9
Let i = -21 - -24. What is the highest common factor of i and 1?
1
Suppose -3*u - 5*n + 68 = 0, 2*u - 6 = 3*n + 14. Let k be (-2)/((-1)/10 - 0). Suppose -k = -5*r - 0. What is the highest common divisor of u and r?
4
Suppose -2*n = 2*p + 14, -2*p = -2*n - 2*n - 46. Let h be 4/n - (-591)/15. What is the greatest common factor of 26 and h?
13
Suppose -2*t = 2*k - t - 109, 277 = 5*k - 2*t. Calculate the greatest common divisor of k and 5.
5
Suppose -40 - 45 = -5*y. What is the greatest common divisor of y and 17?
17
Suppose 4*b + 30 = 3*v - 8, 3*b = -3*v + 24. Let s = -66 + 151. Suppose -2*f + 5 = 2*u - 25, 5*f + s = 3*u. Calculate the greatest common divisor of v and u.
10
Suppose l + 37 = 5*r, 3*l = -4*r - 2*l + 47. Let t be (-30)/r*32/(-6). What is the greatest common divisor of 8 and t?
4
Let l = -5 - -7. What is the greatest common divisor of l and 22?
2
Suppose 3 = 6*p - 375. Calculate the greatest common divisor of 84 and p.
21
Let u(q) = -q**2 - q**2 - q**2 + 4*q**2. Let f be u(-3). Calculate the highest common factor of 72 and f.
9
Let h = -7 - -12. Let w(j) = -j + j**2 - j + 7*j - h. Let c be w(-7). Calculate the greatest common factor of 3 and c.
3
Suppose -158 + 698 = 6*q. What is the greatest common factor of 36 and q?
18
Let q = 23 - 53. Let x be 2/(3*(-4)/q). Calculate the highest common factor of x and 5.
5
Let u be (-68)/(-2) + (-15 - -15). Calculate the highest common divisor of 51 and u.
17
Let b(l) = -42*l - 6. Let p be b(-2). Calculate the greatest common factor of 6 and p.
6
Suppose 0*y + 24 = 3*y. Let c be y/(-3)*(-252)/6. What is the greatest common factor of c and 16?
16
Suppose -1 - 3 = -2*c. Let g be c/1 + 3 + 0. Let l(v) = v**3 - 3*v**2 + 2*v + 4. Let h be l(3). Calculate the highest common factor of h and g.
5
Let p be 533/(-39) + (-2)/(-3). Let j = -9 - p. Calculate the greatest common factor of j and 16.
4
Suppose -19 = -4*o - 3. Let h = 7 + -5. Suppose -i + 84 = h*i. Calculate the highest common divisor of i and o.
4
Let g(f) = -f**3 - 2*f**2 + 3*f + 1. Let k(l) = l**2 + 5*l - 4. Let t be k(-6). Let p = -2 - t. Let j be g(p). Calculate the highest common divisor of 3 and j.
3
Let u be (-342)/(-12) + 1/2. Let z = -21 + u. Calculate the greatest common divisor of z and 40.
8
Let m be (-26)/(-1)*(-6)/(-4). Suppose -294 = 5*w + j, -j + 6*j + 252 = -4*w. Let n = -32 - w. What is the greatest common divisor of n and m?
13
Suppose -39 = -3*p - 3*t, 3*t = -p - 0*p + 21. Suppose -4*w + 21 = -51. Let u be (w/8)/((-2)/(-8)). Calculate the highest common factor of p and u.
9
Suppose 0*n = 5*n - 65. Calculate the greatest common divisor of 13 and n.
13
Suppose x + r = 5*x - 157, 5*x - 192 = -3*r. Calculate the highest common divisor of x and 52.
13
Let w(i) = i**3 - 5*i**2 + 8*i - 4. Let f be w(5). Suppose -5*n + f = -34. Calculate the highest common divisor of n and 2.
2
Suppose -m + 6*m - 15 = 0. Calculate the greatest common divisor of m and 33.
3
Let k = -279 - -468. Let p(c) = 23*c - 2. Let r be p(1). Calculate the greatest common factor of r and k.
21
Let s = 16 + -2. Calculate the highest common factor of 7 and s.
7
Let j(g) = 24*g - 6. Let o be j(4). Let m(z) = -z**3 + 4*z**2 + z - 2. Let x be m(3). What is the greatest common factor of x and o?
10
Suppose o + 2*o = 2*m + 178, -2*o + 2*m = -118. Let t be -3 - (1 - 4*7). Calculate the greatest common divisor of o and t.
12
Let q = 128 + -116. Calculate the highest common factor of 96 and q.
12
Suppose 5*u + 233 + 12 = 2*p, 655 = 5*p - 4*u. What is the highest common divisor of p and 15?
15
Suppose 27*i - 25*i - 20 = 0. Calculate the highest common factor of i and 10.
10
Let h(a) = 16*a**2 + 1. Let c be h(1). What is the highest common divisor of c and 17?
17
Let g be (-13)/(-4) - (-6)/(-24). Let n be (14/g)/(6/9). What is the highest common factor of 28 and n?
7
Let k = -11 + 8. Let j(w) = -w**2 + 2*w + 1. Let n be j(3). Let m = n - k. Calculate the highest common divisor of 9 and m.
1
Let m = 64 - 43. Calculate the greatest common factor of m and 147.
21
Let b be (-1)/(-3)*3 + -3. Let f be (b/(-3))/((-24)/(-3276)). What is the highest common factor of f and 13?
13
Suppose 6 + 8 = -u. Let a be 4/8 + u/(-4). Suppose 3*w - 71 = -j - 16, -w = -a*j - 40. Calculate the highest common divisor of 5 and w.
5
Suppose 0 = -0*t + 5*t. Let v(o) = -o - 2. Let q be v(-7). Let u = q + t. Calculate the highest common factor of 55 and u.
5
Let z be (-2 - (-6)/2)*14. Suppose s + z = 3*s. What is the highest common factor of s and 28?
7
Suppose -4*k + 17 = -3. Suppose 2*a + 2*o + 0 + 8 = 0, 0 = 2*a - 3*o + 33. Let v(l) = -3*l + 18. Let n be v(a). What is the greatest common factor of n and k?
5
Let t = -513 - -813. Suppose -2*o = -74 - t. Calculate the greatest common divisor of o and 17.
17
Let r = -103 - -144. Calculate the greatest common factor of r and 164.
41
Let n = 11 + -9. What is the highest common factor of 10 and n?
2
Let w be (10 - 1) + (-2 - 2). What is the highest common divisor of 15 and w?
5
Let x(t) be the first derivative of t**3/3 + t**2 - 4*t + 3. Let o be x(3). Calculate the highest common divisor of o and 110.
11
Suppose s - 2*z + 5*z - 9 = 0, -5*z + 27 = 3*s. Calculate the greatest common factor of 15 and s.
3
Let y be -2 + (-2)/(-2) + 31. Let b = 15 - 10. Suppose b*l + 5 = y. Calculate the highest common divisor of 5 and l.
5
Let g(h) = 0 - 1 + 10*h - 3 + 0. Let d be g(4). Calculate the highest common divisor of 9 and d.
9
Let p = -14 - -11. Let v be 15*(p/(-1) + -2). Let t(a) = 61*a**2 - 2*a + 1. Let i be t(1). Calculate the greatest common divisor of i and v.
15
Let l be (1/3)/((-1)/(-6)). Let j be l/4*(3 + -1). Let d(n) = -n**3 + 1. Let y be d(0). Calculate the highest common factor of j and y.
1
Suppose -q + 2 - 3 = -5*h, 5*q = h + 19. Let o be (-7 + q)*-1*1. Suppose 0 = o*r - r - 264. What is the greatest common divisor of r and 12?
12
Suppose -3*o - 16 = -2*q - 214, 3*q = -3*o + 213. What is the highest common factor of o and 17?
17
Suppose u = -4*u + 4*h + 216, -3*u + 5*h + 140 = 0. What is the highest common factor of 40 and u?
40
Suppose q - 2*q - 2*i = 4, 0 = -2*q + 5*i + 37. Let w = 26 + -52. Let a be q/21 - w/7. Calculate the highest common factor of 4 and a.
4
Let k = -2 + -5. Let t(q) = 3